divisor of f and h?
1
Let y be -7*(-4)/42*(21 + 0). Calculate the highest common factor of y and 2.
2
Let n be 39/(-6)*2 + 3. Let v = n + 13. Suppose x - 83 = -5*a - v*x, 4*x - 8 = 0. Calculate the highest common divisor of 30 and a.
15
Let b(g) = g**2 - 16*g + 59. Let r be b(11). Calculate the greatest common factor of r and 34.
2
Let j(t) = -138*t + 5. Let m be j(-1). Let s be ((-2)/(-4))/((-1)/(-12)). Let f = 19 - s. What is the greatest common factor of m and f?
13
Let b(s) = -21*s - 174. Let j be b(-9). Calculate the highest common factor of j and 255.
15
Let s be (-22)/15*6715/(-316) - (-10)/12. Suppose p - 55 = -7. What is the greatest common divisor of p and s?
16
Suppose 1150 + 200 = 30*i. Calculate the highest common factor of 36 and i.
9
Let r = 2 - 2. Suppose -d + 174 = -r*d. Let o be 7 + d - 3/(-1). What is the greatest common divisor of o and 23?
23
Suppose 3 = a, 7*f + 5*a - 7 = 3*f. Let j(c) = -c**2 + c + 3. Let n be j(0). Let t be (f + n)/(1/3). What is the highest common divisor of t and 30?
3
Suppose -3*f + 3*g - 30 = 0, f + 0*g + 8 = 3*g. Let a(s) = 3*s**2 + 13*s - s**2 - 5*s. Let l be a(f). What is the greatest common factor of l and 14?
14
Suppose 4*z + 8 = 0, 4*y + y + 2*z = -34. Let f be -17*9/y*(-100)/(-15). Calculate the highest common divisor of f and 10.
10
Suppose 0 = -4*v + 85 - 57. What is the highest common divisor of v and 77?
7
Let h = -445 + 448. Suppose -35 = -4*t + 49. Suppose -3*i = -2*v - h*v + t, 5*i + 15 = 5*v. Calculate the highest common factor of 66 and v.
6
Suppose 688 = 3*a - 80. Let s = -182 + a. What is the highest common factor of s and 111?
37
Let h(z) = -108*z + 118. Let j be h(1). Let t(q) = 2*q - 2*q**3 - 3*q - q**2 + q**3 - 2. Let w be t(-4). What is the greatest common divisor of w and j?
10
Suppose 8*j = 4*j + 5096. Suppose 2*i - j = -5*i. What is the greatest common divisor of i and 26?
26
Suppose 26*y = 27*y - 4. Let g be (-789)/(-18) - (5 + (-155)/30). What is the highest common factor of y and g?
4
Let t be 117 + (-6 - (5 - 6)). What is the greatest common divisor of t and 14?
14
Let f be (-12)/10*(-2915)/159. What is the highest common divisor of 55 and f?
11
Let w be ((-26)/(-2))/(3 - 2). Let g = -42 + 72. Let i = -17 + g. Calculate the highest common factor of i and w.
13
Let j(t) = 46*t + 1. Let z be j(1). Let u = z + 16. Let x = 2244 - 2235. Calculate the greatest common divisor of x and u.
9
Let a(z) = 4*z**3 - 5*z**2 - 6*z - 1. Let v(m) = m**2 - 16*m - 14. Let g be v(17). Let k be a(g). What is the greatest common divisor of 176 and k?
44
Let w be 64/(-10) + (-6)/10. Let n(g) = -4*g - 18. Let a be n(w). What is the greatest common divisor of 15 and a?
5
Suppose 7*c = 14*c - 322. Calculate the greatest common factor of c and 322.
46
Let o = 16 + -19. Let w be 35/(8 - 3) + o. Let j(c) = c**3 + 8*c**2 + 3*c + 8. Let z be j(-7). What is the highest common divisor of z and w?
4
Let d be (-81)/(-2)*(-8)/(-6). Let j be 1/6 - 38/228. Suppose j*n = -4*n - 4*v + 20, 3*v + 3 = 0. Calculate the greatest common factor of n and d.
6
Let l be (-23)/(-69) - (-385)/15. Calculate the highest common divisor of l and 26.
26
Suppose 5*p - 10*p - 4*c = -3295, 2677 = 4*p - 5*c. Calculate the highest common divisor of 51 and p.
51
Let f(a) = 7*a**2 - 39*a - 17. Let m be f(8). What is the highest common divisor of m and 357?
119
Let a be 4/6 + 19/3. Suppose -4*v = -a*v + 39. What is the greatest common factor of v and 143?
13
Let g(o) = 16*o - 41. Let m be g(10). What is the greatest common divisor of 2023 and m?
119
Let s be (2/(1 + 1))/1. Let z(n) = n + 5. Let w be z(-6). Let k be 3 + -2 - (-5 + -4 + w). Calculate the greatest common divisor of s and k.
1
Suppose -7*t + 393 + 552 = 0. Calculate the greatest common factor of 54 and t.
27
Let j be (-3)/1 - (2826/(-6))/3. Let q be (6/10)/((-1)/(-5)). Let h be (q - 8)*(-22)/5. What is the greatest common divisor of h and j?
22
Let h(r) = 43*r + 325. Let q be h(-7). Calculate the highest common divisor of q and 96.
24
Let z be (-1 - 1*-1) + 4. Let i be 2/10 - 54/15*-13. Let b = i - 45. Calculate the highest common factor of b and z.
2
Let h be 25*1*6/5. Suppose 2*r + 0*r - 62 = 4*y, -y = 1. Suppose -r*o + 60 = -24*o. What is the greatest common divisor of o and h?
6
Let z(q) = 77*q**2 + 32*q - 9. Let y be z(-3). What is the highest common divisor of y and 210?
42
Suppose -x + 30 - 10 = 2*d, 5*d = 3*x - 49. What is the highest common divisor of x and 954?
18
Let n = 147 - 142. Let d = 29 - -16. What is the highest common factor of n and d?
5
Let x(y) = 59*y - 4. Let l be x(4). Let r = -380 - -409. Calculate the greatest common factor of r and l.
29
Suppose -168 = -28*u + 4*u. Calculate the highest common factor of u and 112.
7
Suppose 3*g = 25 + 11. Let t(b) = b**3 + 13*b**2 + 14*b + 8. Let v be t(-11). Calculate the greatest common factor of g and v.
12
Let o = -367 + 119. Let q be o/(-5) - 12/(-30). What is the highest common factor of 20 and q?
10
Let s = 1 + -26. Let w = s + 16. Let z be (w/3)/(-3) + 4. Calculate the greatest common divisor of 40 and z.
5
Suppose 4*w + 9*w = 3328. What is the greatest common divisor of w and 80?
16
Let a be 45/20*4/18*30. Let d(k) = -k**2 - 5*k + 1. Let g be d(-4). Calculate the greatest common factor of a and g.
5
Let r be (-2)/(-5) + (10 - 47772/(-45)). What is the highest common divisor of 16 and r?
16
Let x(o) = -6*o**3 + 16*o**2 + 44*o + 1. Let a be x(-4). What is the greatest common factor of a and 30?
15
Let r(l) = -8*l**3 - 9*l**2 + 4*l + 5. Let q be r(-3). What is the highest common divisor of 1664 and q?
128
Let f = 3 + 0. Let a(g) be the first derivative of 10*g**3/3 - 3*g**2/2 - g - 54. Let o be a(f). What is the greatest common divisor of o and 10?
10
Let q = -191 - -209. What is the greatest common factor of q and 18?
18
Suppose i - 59 - 11 = 0. Suppose 0 = -s + i + 120. Calculate the greatest common factor of s and 10.
10
Let z(u) = 5*u + 5. Let m be z(-7). Let b = m + 45. Calculate the greatest common factor of b and 10.
5
Let p(y) = 4*y - 4. Let a be p(8). Let c = -12 + a. Let m be 4/22 - 21274/(-121). What is the highest common factor of m and c?
16
Let w = -14 - -23. Let d be 54/16 - 3/8. Calculate the highest common factor of w and d.
3
Let w(y) = -42*y**3 + 3*y + 2 - 17*y**3 + 2*y**3. Let x be w(-1). What is the greatest common divisor of 7 and x?
7
Let p be (-234)/(-156) + (2 - 598/(-4)). Calculate the greatest common divisor of 117 and p.
9
Let j(q) = 4*q - 13. Let a be j(-7). Let k = a - -61. Suppose -6*x = -x - 25. Calculate the highest common divisor of k and x.
5
Let y be (-17)/((-17)/(-6)) - -26. What is the greatest common divisor of y and 20?
20
Let q be (-150)/125 - (-752)/10. Calculate the highest common factor of q and 10.
2
Let m(k) = k + 19. Let s be m(10). Let j = s - 20. Let v be 2*j/(-6) + 16. What is the highest common divisor of 13 and v?
13
Let w be (0 + -8 - -10)*4. Calculate the greatest common factor of 1320 and w.
8
Let b be ((-22)/(-33))/(2/261). Let v = b - 51. Calculate the greatest common factor of v and 4.
4
Let k(v) = -41*v - 111. Let h be k(-3). Let w(a) = a**2 + 2*a. Let u be w(4). Calculate the greatest common factor of u and h.
12
Let o(q) = q**2 + 8*q - 2. Suppose -14 = 33*x - 31*x. Let p be o(x). Let c = p - -21. What is the highest common factor of 18 and c?
6
Suppose -3*w = o - 112 - 30, 5*w = -4*o + 596. Calculate the highest common divisor of o and 22.
22
Suppose 2*f - a + 5 = 0, 0*a = -4*f + 3*a - 15. Suppose f*g = -g. Suppose g = -0*o + 5*o - 10. What is the highest common factor of 3 and o?
1
Let i be 0 - (-223)/5 - (-2)/5. What is the greatest common factor of i and 144?
9
Let n = 15 - 6. Let i(w) = -n - 6 + 13 - w. Let p be i(-9). What is the highest common divisor of p and 7?
7
Let w = 4 + -6. Let h be w*(-1)/(-2) - -23. Let t = -55 + 57. Calculate the greatest common factor of t and h.
2
Let h be (1 + -6)/(-5) + 4. Suppose 7*t - 40 = h*t. Suppose d = -4*a + 12, -3 - 13 = -d - 2*a. What is the highest common divisor of d and t?
20
Let t(d) = -d + 11. Let r be t(7). Let i = -4 + r. Suppose 3*x - 287 - 340 = i. What is the greatest common divisor of x and 19?
19
Let j(g) = 13*g**2 - 31*g - 10. Let l be j(4). What is the highest common divisor of l an